{"id":4407,"date":"2020-05-08T15:24:21","date_gmt":"2020-05-08T13:24:21","guid":{"rendered":"https:\/\/www.vedomed.nl.gpotoday.nl\/product\/import-placeholder-for-1502\/"},"modified":"2020-05-08T15:24:28","modified_gmt":"2020-05-08T13:24:28","slug":"transmitter-touchgo20b","status":"publish","type":"product","link":"https:\/\/www.vedomed.nl.gpotoday.nl\/?product=transmitter-touchgo20b","title":{"rendered":"Transmitter Touch&#038;Go20B"},"content":{"rendered":"<p>[vc_row content_placement=&#8221;top&#8221;][vc_column width=&#8221;2\/3&#8243; css=&#8221;.vc_custom_1529578725310{margin-right: 5vh !important;}&#8221;][vc_column_text text_larger=&#8221;no&#8221;]<\/p>\n<h2>Transmitter Touch&amp;Go20B<\/h2>\n<p>Deze transmitter is voorzien van het handige Touch&amp;Go principe. Wanneer u het nummer indrukt van de coaster\/pager die u wilt oproepen gaat direct deze coaster\/pager af. In tegenstelling tot andere systemen waar u eerst het nummer moet ingeven en daarna op \u201csend\u201d moet drukken om het te verzenden. Duidelijke en eenvoudige bediening om de coasters op te roepen.<\/p>\n<h4>Transmitter neerzetten of ophangen<\/h4>\n<p>U kunt de transmitter op de counter neerzetten of ophangen, op de achterzijde zit een bevestigingsplaat voor makkelijke montage. De transmitter wordt op het netstroom aangesloten en werkt meteen na ontvangst.<\/p>\n<h4>Maximaal 20 pagers\/coasters<\/h4>\n<p>Met dit systeem kunt u maximaal 20 coasters\/pagers\/buzzers aansturen.[\/vc_column_text][vc_btn title=&#8221;Voor het juiste advies bel 035 543 07 38&#8243; shape=&#8221;square&#8221; color=&#8221;danger&#8221; i_icon_fontawesome=&#8221;fa fa-phone&#8221; add_icon=&#8221;true&#8221; link=&#8221;url:tel%3A%20%2B31%2035%20543%2007%2038|||&#8221;][\/vc_column][vc_column width=&#8221;1\/3&#8243;][vc_column_text] [\/vc_column_text][\/vc_column][\/vc_row][vc_row full_width=&#8221;stretch_row_content_no_spaces&#8221; mobile_bg_img_hidden=&#8221;no&#8221; woodmart_parallax=&#8221;0&#8243; woodmart_gradient_switch=&#8221;no&#8221; row_reverse_mobile=&#8221;0&#8243; row_reverse_tablet=&#8221;0&#8243; woodmart_disable_overflow=&#8221;0&#8243;][vc_column][vc_text_separator title=&#8221;Referenties&#8221;][vc_column_text text_larger=&#8221;no&#8221;]<\/p>\n<h2 style=\"text-align: center;\"><strong>Enkele klanten die gebruikmaken van onze systemen<\/strong><\/h2>\n<p style=\"text-align: center;\">Op de\u00a0pagina <a href=\"https:\/\/vedosign.com\/onze-klanten\/\">onze klanten<\/a>\u00a0van deze website krijgt u een overzicht.\u00a0Wij hopen ook u te mogen verwelkomen als klant!<\/p>\n<p>[\/vc_column_text]<!-- Empty Logos Showcase Container -->[\/vc_column][\/vc_row]<\/p>\n","protected":false},"excerpt":{"rendered":"<p>Deze transmitter is voorzien van het handige Touch&amp;Go principe. Wanneer u het nummer indrukt van de coaster\/pager die u wilt oproepen gaat direct deze coaster\/pager af. De toetsen zijn water en vet bestendig. Met \u00e9\u00e9n druk op de knop activeert \u00e9\u00e9n coaster\/pager of alle pagers\/buzzers ineens. Deze transmitter kan maximaal 20 coasters of pagers aansturen.<\/p>\n","protected":false},"featured_media":4428,"comment_status":"open","ping_status":"closed","template":"","meta":[],"product_cat":[81],"product_tag":[],"_links":{"self":[{"href":"https:\/\/www.vedomed.nl.gpotoday.nl\/index.php?rest_route=\/wp\/v2\/product\/4407"}],"collection":[{"href":"https:\/\/www.vedomed.nl.gpotoday.nl\/index.php?rest_route=\/wp\/v2\/product"}],"about":[{"href":"https:\/\/www.vedomed.nl.gpotoday.nl\/index.php?rest_route=\/wp\/v2\/types\/product"}],"replies":[{"embeddable":true,"href":"https:\/\/www.vedomed.nl.gpotoday.nl\/index.php?rest_route=%2Fwp%2Fv2%2Fcomments&post=4407"}],"wp:featuredmedia":[{"embeddable":true,"href":"https:\/\/www.vedomed.nl.gpotoday.nl\/index.php?rest_route=\/wp\/v2\/media\/4428"}],"wp:attachment":[{"href":"https:\/\/www.vedomed.nl.gpotoday.nl\/index.php?rest_route=%2Fwp%2Fv2%2Fmedia&parent=4407"}],"wp:term":[{"taxonomy":"product_cat","embeddable":true,"href":"https:\/\/www.vedomed.nl.gpotoday.nl\/index.php?rest_route=%2Fwp%2Fv2%2Fproduct_cat&post=4407"},{"taxonomy":"product_tag","embeddable":true,"href":"https:\/\/www.vedomed.nl.gpotoday.nl\/index.php?rest_route=%2Fwp%2Fv2%2Fproduct_tag&post=4407"}],"curies":[{"name":"wp","href":"https:\/\/api.w.org\/{rel}","templated":true}]}}